{"id":699,"date":"2025-07-18T21:51:25","date_gmt":"2025-07-18T21:51:25","guid":{"rendered":"https:\/\/web4all.ai\/templates\/food\/grillxpress\/?page_id=699"},"modified":"2025-07-18T21:56:13","modified_gmt":"2025-07-18T21:56:13","slug":"gallery-tr","status":"publish","type":"page","link":"https:\/\/web4all.ai\/templates\/food\/grillxpress\/tr\/gallery-tr\/","title":{"rendered":"Gallery Tr"},"content":{"rendered":"\t\t<div data-elementor-type=\"wp-page\" data-elementor-id=\"699\" class=\"elementor elementor-699\" data-elementor-post-type=\"page\">\n\t\t\t\t\t\t<section class=\"elementor-section elementor-top-section elementor-element elementor-element-71105996 elementor-section-boxed elementor-section-height-default elementor-section-height-default\" data-id=\"71105996\" data-element_type=\"section\">\n\t\t\t\t\t\t<div class=\"elementor-container elementor-column-gap-default\">\n\t\t\t\t\t<div class=\"elementor-column elementor-col-100 elementor-top-column elementor-element elementor-element-54c1ec0\" data-id=\"54c1ec0\" data-element_type=\"column\">\n\t\t\t<div class=\"elementor-widget-wrap elementor-element-populated\">\n\t\t\t\t\t\t<section class=\"elementor-section elementor-inner-section elementor-element elementor-element-3f80cf2b elementor-section-boxed elementor-section-height-default elementor-section-height-default\" data-id=\"3f80cf2b\" data-element_type=\"section\">\n\t\t\t\t\t\t<div class=\"elementor-container elementor-column-gap-default\">\n\t\t\t\t\t<div class=\"elementor-column elementor-col-100 elementor-inner-column elementor-element elementor-element-2889f075\" data-id=\"2889f075\" data-element_type=\"column\">\n\t\t\t<div class=\"elementor-widget-wrap elementor-element-populated\">\n\t\t\t\t\t\t<div class=\"elementor-element elementor-element-6cfaaa81 elementor-widget elementor-widget-heading\" data-id=\"6cfaaa81\" data-element_type=\"widget\" data-widget_type=\"heading.default\">\n\t\t\t\t<div class=\"elementor-widget-container\">\n\t\t\t\t\t<h2 class=\"elementor-heading-title elementor-size-default\">Galeri<\/h2>\t\t\t\t<\/div>\n\t\t\t\t<\/div>\n\t\t\t\t<div class=\"elementor-element elementor-element-59deeb06 elementor-widget__width-initial elementor-widget elementor-widget-text-editor\" data-id=\"59deeb06\" data-element_type=\"widget\" data-widget_type=\"text-editor.default\">\n\t\t\t\t<div class=\"elementor-widget-container\">\n\t\t\t\t\t\t\t\t\t<p class=\"p1\">Bu metin, web sitenizin genel tasar\u0131m\u0131n\u0131 test etmek ve i\u00e7erik alanlar\u0131n\u0131 doldurmak amac\u0131yla kullan\u0131lan ge\u00e7ici bir yaz\u0131d\u0131r. Ger\u00e7ek i\u00e7erik hen\u00fcz haz\u0131r olmad\u0131\u011f\u0131 durumlarda bu t\u00fcr yer tutucu metinler, yaz\u0131 tipi, sat\u0131r aral\u0131\u011f\u0131 ve sayfa d\u00fczeninin nas\u0131l g\u00f6r\u00fcnece\u011fini \u00f6nceden g\u00f6stermek i\u00e7in olduk\u00e7a faydal\u0131d\u0131r.<\/p>\t\t\t\t\t\t\t\t<\/div>\n\t\t\t\t<\/div>\n\t\t\t\t\t<\/div>\n\t\t<\/div>\n\t\t\t\t\t<\/div>\n\t\t<\/section>\n\t\t\t\t\t<\/div>\n\t\t<\/div>\n\t\t\t\t\t<\/div>\n\t\t<\/section>\n\t\t<div class=\"elementor-element elementor-element-c684569 e-flex e-con-boxed e-con e-parent\" data-id=\"c684569\" data-element_type=\"container\">\n\t\t\t\t\t<div class=\"e-con-inner\">\n\t\t<div class=\"elementor-element elementor-element-0e79f41 e-flex e-con-boxed e-con e-child\" data-id=\"0e79f41\" data-element_type=\"container\">\n\t\t\t\t\t<div class=\"e-con-inner\">\n\t\t\t\t<div class=\"elementor-element elementor-element-6dcd497 elementor-widget elementor-widget-gallery\" data-id=\"6dcd497\" data-element_type=\"widget\" data-settings=\"{&quot;gallery_layout&quot;:&quot;masonry&quot;,&quot;columns&quot;:2,&quot;gap&quot;:{&quot;unit&quot;:&quot;px&quot;,&quot;size&quot;:20,&quot;sizes&quot;:[]},&quot;lazyload&quot;:&quot;yes&quot;,&quot;columns_tablet&quot;:2,&quot;columns_mobile&quot;:1,&quot;gap_tablet&quot;:{&quot;unit&quot;:&quot;px&quot;,&quot;size&quot;:10,&quot;sizes&quot;:[]},&quot;gap_mobile&quot;:{&quot;unit&quot;:&quot;px&quot;,&quot;size&quot;:10,&quot;sizes&quot;:[]},&quot;link_to&quot;:&quot;file&quot;,&quot;overlay_background&quot;:&quot;yes&quot;,&quot;content_hover_animation&quot;:&quot;fade-in&quot;}\" data-widget_type=\"gallery.default\">\n\t\t\t\t<div class=\"elementor-widget-container\">\n\t\t\t\t\t\t\t<div class=\"elementor-gallery__container\">\n\t\t\t\t\t\t\t<a class=\"e-gallery-item elementor-gallery-item elementor-animated-content\" href=\"https:\/\/web4all.ai\/templates\/food\/grillxpress\/wp-content\/uploads\/2023\/10\/gal_01.jpg\" data-elementor-open-lightbox=\"yes\" data-elementor-lightbox-slideshow=\"6dcd497\" data-elementor-lightbox-title=\"gal_01\" data-e-action-hash=\"#elementor-action%3Aaction%3Dlightbox%26settings%3DeyJpZCI6Mjk0LCJ1cmwiOiJodHRwczpcL1wvd2ViNGFsbC5haVwvdGVtcGxhdGVzXC9mb29kXC9ncmlsbHhwcmVzc1wvd3AtY29udGVudFwvdXBsb2Fkc1wvMjAyM1wvMTBcL2dhbF8wMS5qcGciLCJzbGlkZXNob3ciOiI2ZGNkNDk3In0%3D\">\n\t\t\t\t\t<div class=\"e-gallery-image elementor-gallery-item__image\" data-thumbnail=\"https:\/\/web4all.ai\/templates\/food\/grillxpress\/wp-content\/uploads\/2023\/10\/gal_01-768x512.jpg\" data-width=\"768\" data-height=\"512\" aria-label=\"\" role=\"img\" ><\/div>\n\t\t\t\t\t\t\t\t\t\t\t<div class=\"elementor-gallery-item__overlay\"><\/div>\n\t\t\t\t\t\t\t\t\t\t\t\t\t\t<\/a>\n\t\t\t\t\t\t\t<a class=\"e-gallery-item elementor-gallery-item elementor-animated-content\" href=\"https:\/\/web4all.ai\/templates\/food\/grillxpress\/wp-content\/uploads\/2023\/10\/hm_img11.jpg\" data-elementor-open-lightbox=\"yes\" data-elementor-lightbox-slideshow=\"6dcd497\" data-elementor-lightbox-title=\"hm_img11\" data-e-action-hash=\"#elementor-action%3Aaction%3Dlightbox%26settings%3DeyJpZCI6MjczLCJ1cmwiOiJodHRwczpcL1wvd2ViNGFsbC5haVwvdGVtcGxhdGVzXC9mb29kXC9ncmlsbHhwcmVzc1wvd3AtY29udGVudFwvdXBsb2Fkc1wvMjAyM1wvMTBcL2htX2ltZzExLmpwZyIsInNsaWRlc2hvdyI6IjZkY2Q0OTcifQ%3D%3D\">\n\t\t\t\t\t<div class=\"e-gallery-image elementor-gallery-item__image\" data-thumbnail=\"https:\/\/web4all.ai\/templates\/food\/grillxpress\/wp-content\/uploads\/2023\/10\/hm_img11-768x512.jpg\" data-width=\"768\" data-height=\"512\" aria-label=\"\" role=\"img\" ><\/div>\n\t\t\t\t\t\t\t\t\t\t\t<div class=\"elementor-gallery-item__overlay\"><\/div>\n\t\t\t\t\t\t\t\t\t\t\t\t\t\t<\/a>\n\t\t\t\t\t\t\t<a class=\"e-gallery-item elementor-gallery-item elementor-animated-content\" href=\"https:\/\/web4all.ai\/templates\/food\/grillxpress\/wp-content\/uploads\/2023\/10\/hm_img08.jpg\" data-elementor-open-lightbox=\"yes\" data-elementor-lightbox-slideshow=\"6dcd497\" data-elementor-lightbox-title=\"hm_img08\" data-e-action-hash=\"#elementor-action%3Aaction%3Dlightbox%26settings%3DeyJpZCI6MjU5LCJ1cmwiOiJodHRwczpcL1wvd2ViNGFsbC5haVwvdGVtcGxhdGVzXC9mb29kXC9ncmlsbHhwcmVzc1wvd3AtY29udGVudFwvdXBsb2Fkc1wvMjAyM1wvMTBcL2htX2ltZzA4LmpwZyIsInNsaWRlc2hvdyI6IjZkY2Q0OTcifQ%3D%3D\">\n\t\t\t\t\t<div class=\"e-gallery-image elementor-gallery-item__image\" data-thumbnail=\"https:\/\/web4all.ai\/templates\/food\/grillxpress\/wp-content\/uploads\/2023\/10\/hm_img08.jpg\" data-width=\"592\" data-height=\"874\" aria-label=\"\" role=\"img\" ><\/div>\n\t\t\t\t\t\t\t\t\t\t\t<div class=\"elementor-gallery-item__overlay\"><\/div>\n\t\t\t\t\t\t\t\t\t\t\t\t\t\t<\/a>\n\t\t\t\t\t\t\t<a class=\"e-gallery-item elementor-gallery-item elementor-animated-content\" href=\"https:\/\/web4all.ai\/templates\/food\/grillxpress\/wp-content\/uploads\/2023\/10\/hm_img04.jpg\" data-elementor-open-lightbox=\"yes\" data-elementor-lightbox-slideshow=\"6dcd497\" data-elementor-lightbox-title=\"hm_img04\" data-e-action-hash=\"#elementor-action%3Aaction%3Dlightbox%26settings%3DeyJpZCI6MjUzLCJ1cmwiOiJodHRwczpcL1wvd2ViNGFsbC5haVwvdGVtcGxhdGVzXC9mb29kXC9ncmlsbHhwcmVzc1wvd3AtY29udGVudFwvdXBsb2Fkc1wvMjAyM1wvMTBcL2htX2ltZzA0LmpwZyIsInNsaWRlc2hvdyI6IjZkY2Q0OTcifQ%3D%3D\">\n\t\t\t\t\t<div class=\"e-gallery-image elementor-gallery-item__image\" data-thumbnail=\"https:\/\/web4all.ai\/templates\/food\/grillxpress\/wp-content\/uploads\/2023\/10\/hm_img04.jpg\" data-width=\"680\" data-height=\"542\" aria-label=\"\" role=\"img\" ><\/div>\n\t\t\t\t\t\t\t\t\t\t\t<div class=\"elementor-gallery-item__overlay\"><\/div>\n\t\t\t\t\t\t\t\t\t\t\t\t\t\t<\/a>\n\t\t\t\t\t\t\t<a class=\"e-gallery-item elementor-gallery-item elementor-animated-content\" href=\"https:\/\/web4all.ai\/templates\/food\/grillxpress\/wp-content\/uploads\/2023\/10\/hm_img07.jpg\" data-elementor-open-lightbox=\"yes\" data-elementor-lightbox-slideshow=\"6dcd497\" data-elementor-lightbox-title=\"hm_img07\" data-e-action-hash=\"#elementor-action%3Aaction%3Dlightbox%26settings%3DeyJpZCI6MjUyLCJ1cmwiOiJodHRwczpcL1wvd2ViNGFsbC5haVwvdGVtcGxhdGVzXC9mb29kXC9ncmlsbHhwcmVzc1wvd3AtY29udGVudFwvdXBsb2Fkc1wvMjAyM1wvMTBcL2htX2ltZzA3LmpwZyIsInNsaWRlc2hvdyI6IjZkY2Q0OTcifQ%3D%3D\">\n\t\t\t\t\t<div class=\"e-gallery-image elementor-gallery-item__image\" data-thumbnail=\"https:\/\/web4all.ai\/templates\/food\/grillxpress\/wp-content\/uploads\/2023\/10\/hm_img07.jpg\" data-width=\"680\" data-height=\"542\" aria-label=\"\" role=\"img\" ><\/div>\n\t\t\t\t\t\t\t\t\t\t\t<div class=\"elementor-gallery-item__overlay\"><\/div>\n\t\t\t\t\t\t\t\t\t\t\t\t\t\t<\/a>\n\t\t\t\t\t\t\t<a class=\"e-gallery-item elementor-gallery-item elementor-animated-content\" href=\"https:\/\/web4all.ai\/templates\/food\/grillxpress\/wp-content\/uploads\/2023\/10\/hm_img06.jpg\" data-elementor-open-lightbox=\"yes\" data-elementor-lightbox-slideshow=\"6dcd497\" data-elementor-lightbox-title=\"hm_img06\" data-e-action-hash=\"#elementor-action%3Aaction%3Dlightbox%26settings%3DeyJpZCI6MjUxLCJ1cmwiOiJodHRwczpcL1wvd2ViNGFsbC5haVwvdGVtcGxhdGVzXC9mb29kXC9ncmlsbHhwcmVzc1wvd3AtY29udGVudFwvdXBsb2Fkc1wvMjAyM1wvMTBcL2htX2ltZzA2LmpwZyIsInNsaWRlc2hvdyI6IjZkY2Q0OTcifQ%3D%3D\">\n\t\t\t\t\t<div class=\"e-gallery-image elementor-gallery-item__image\" data-thumbnail=\"https:\/\/web4all.ai\/templates\/food\/grillxpress\/wp-content\/uploads\/2023\/10\/hm_img06.jpg\" data-width=\"680\" data-height=\"542\" aria-label=\"\" role=\"img\" ><\/div>\n\t\t\t\t\t\t\t\t\t\t\t<div class=\"elementor-gallery-item__overlay\"><\/div>\n\t\t\t\t\t\t\t\t\t\t\t\t\t\t<\/a>\n\t\t\t\t\t\t\t<a class=\"e-gallery-item elementor-gallery-item elementor-animated-content\" href=\"https:\/\/web4all.ai\/templates\/food\/grillxpress\/wp-content\/uploads\/2023\/10\/service-image.jpg\" data-elementor-open-lightbox=\"yes\" data-elementor-lightbox-slideshow=\"6dcd497\" data-elementor-lightbox-title=\"service-image.jpg\" data-e-action-hash=\"#elementor-action%3Aaction%3Dlightbox%26settings%3DeyJpZCI6MTc5LCJ1cmwiOiJodHRwczpcL1wvd2ViNGFsbC5haVwvdGVtcGxhdGVzXC9mb29kXC9ncmlsbHhwcmVzc1wvd3AtY29udGVudFwvdXBsb2Fkc1wvMjAyM1wvMTBcL3NlcnZpY2UtaW1hZ2UuanBnIiwic2xpZGVzaG93IjoiNmRjZDQ5NyJ9\">\n\t\t\t\t\t<div class=\"e-gallery-image elementor-gallery-item__image\" data-thumbnail=\"https:\/\/web4all.ai\/templates\/food\/grillxpress\/wp-content\/uploads\/2023\/10\/service-image-768x480.jpg\" data-width=\"768\" data-height=\"480\" aria-label=\"\" role=\"img\" ><\/div>\n\t\t\t\t\t\t\t\t\t\t\t<div class=\"elementor-gallery-item__overlay\"><\/div>\n\t\t\t\t\t\t\t\t\t\t\t\t\t\t<\/a>\n\t\t\t\t\t\t\t<a class=\"e-gallery-item elementor-gallery-item elementor-animated-content\" href=\"https:\/\/web4all.ai\/templates\/food\/grillxpress\/wp-content\/uploads\/2023\/10\/hm_img10.jpg\" data-elementor-open-lightbox=\"yes\" data-elementor-lightbox-slideshow=\"6dcd497\" data-elementor-lightbox-title=\"hm_img10\" data-e-action-hash=\"#elementor-action%3Aaction%3Dlightbox%26settings%3DeyJpZCI6MjYxLCJ1cmwiOiJodHRwczpcL1wvd2ViNGFsbC5haVwvdGVtcGxhdGVzXC9mb29kXC9ncmlsbHhwcmVzc1wvd3AtY29udGVudFwvdXBsb2Fkc1wvMjAyM1wvMTBcL2htX2ltZzEwLmpwZyIsInNsaWRlc2hvdyI6IjZkY2Q0OTcifQ%3D%3D\">\n\t\t\t\t\t<div class=\"e-gallery-image elementor-gallery-item__image\" data-thumbnail=\"https:\/\/web4all.ai\/templates\/food\/grillxpress\/wp-content\/uploads\/2023\/10\/hm_img10.jpg\" data-width=\"592\" data-height=\"874\" aria-label=\"\" role=\"img\" ><\/div>\n\t\t\t\t\t\t\t\t\t\t\t<div class=\"elementor-gallery-item__overlay\"><\/div>\n\t\t\t\t\t\t\t\t\t\t\t\t\t\t<\/a>\n\t\t\t\t\t\t\t<a class=\"e-gallery-item elementor-gallery-item elementor-animated-content\" href=\"https:\/\/web4all.ai\/templates\/food\/grillxpress\/wp-content\/uploads\/2023\/10\/gal_03.jpg\" data-elementor-open-lightbox=\"yes\" data-elementor-lightbox-slideshow=\"6dcd497\" data-elementor-lightbox-title=\"gal_03\" data-e-action-hash=\"#elementor-action%3Aaction%3Dlightbox%26settings%3DeyJpZCI6Mjk1LCJ1cmwiOiJodHRwczpcL1wvd2ViNGFsbC5haVwvdGVtcGxhdGVzXC9mb29kXC9ncmlsbHhwcmVzc1wvd3AtY29udGVudFwvdXBsb2Fkc1wvMjAyM1wvMTBcL2dhbF8wMy5qcGciLCJzbGlkZXNob3ciOiI2ZGNkNDk3In0%3D\">\n\t\t\t\t\t<div class=\"e-gallery-image elementor-gallery-item__image\" data-thumbnail=\"https:\/\/web4all.ai\/templates\/food\/grillxpress\/wp-content\/uploads\/2023\/10\/gal_03-768x508.jpg\" data-width=\"768\" data-height=\"508\" aria-label=\"\" role=\"img\" ><\/div>\n\t\t\t\t\t\t\t\t\t\t\t<div class=\"elementor-gallery-item__overlay\"><\/div>\n\t\t\t\t\t\t\t\t\t\t\t\t\t\t<\/a>\n\t\t\t\t\t\t\t<a class=\"e-gallery-item elementor-gallery-item elementor-animated-content\" href=\"https:\/\/web4all.ai\/templates\/food\/grillxpress\/wp-content\/uploads\/2023\/10\/gal_04.jpg\" data-elementor-open-lightbox=\"yes\" data-elementor-lightbox-slideshow=\"6dcd497\" data-elementor-lightbox-title=\"gal_04\" data-e-action-hash=\"#elementor-action%3Aaction%3Dlightbox%26settings%3DeyJpZCI6Mjk3LCJ1cmwiOiJodHRwczpcL1wvd2ViNGFsbC5haVwvdGVtcGxhdGVzXC9mb29kXC9ncmlsbHhwcmVzc1wvd3AtY29udGVudFwvdXBsb2Fkc1wvMjAyM1wvMTBcL2dhbF8wNC5qcGciLCJzbGlkZXNob3ciOiI2ZGNkNDk3In0%3D\">\n\t\t\t\t\t<div class=\"e-gallery-image elementor-gallery-item__image\" data-thumbnail=\"https:\/\/web4all.ai\/templates\/food\/grillxpress\/wp-content\/uploads\/2023\/10\/gal_04-768x563.jpg\" data-width=\"768\" data-height=\"563\" aria-label=\"\" role=\"img\" ><\/div>\n\t\t\t\t\t\t\t\t\t\t\t<div class=\"elementor-gallery-item__overlay\"><\/div>\n\t\t\t\t\t\t\t\t\t\t\t\t\t\t<\/a>\n\t\t\t\t\t<\/div>\n\t\t\t\t\t<\/div>\n\t\t\t\t<\/div>\n\t\t\t\t\t<\/div>\n\t\t\t\t<\/div>\n\t\t\t\t\t<\/div>\n\t\t\t\t<\/div>\n\t\t\t\t<\/div>\n\t\t","protected":false},"excerpt":{"rendered":"<p>Galeri Bu metin, web sitenizin genel tasar\u0131m\u0131n\u0131 test etmek ve i\u00e7erik alanlar\u0131n\u0131 doldurmak amac\u0131yla kullan\u0131lan ge\u00e7ici bir yaz\u0131d\u0131r. Ger\u00e7ek i\u00e7erik hen\u00fcz haz\u0131r olmad\u0131\u011f\u0131 durumlarda bu t\u00fcr yer tutucu metinler, yaz\u0131 tipi, sat\u0131r aral\u0131\u011f\u0131 ve sayfa d\u00fczeninin nas\u0131l g\u00f6r\u00fcnece\u011fini \u00f6nceden g\u00f6stermek i\u00e7in olduk\u00e7a faydal\u0131d\u0131r.<\/p>\n","protected":false},"author":1,"featured_media":0,"parent":0,"menu_order":0,"comment_status":"closed","ping_status":"closed","template":"","meta":{"footnotes":""},"class_list":["post-699","page","type-page","status-publish","hentry"],"lang":"tr","translations":{"tr":699,"en":188,"ar":704},"pll_sync_post":[],"_links":{"self":[{"href":"https:\/\/web4all.ai\/templates\/food\/grillxpress\/wp-json\/wp\/v2\/pages\/699","targetHints":{"allow":["GET"]}}],"collection":[{"href":"https:\/\/web4all.ai\/templates\/food\/grillxpress\/wp-json\/wp\/v2\/pages"}],"about":[{"href":"https:\/\/web4all.ai\/templates\/food\/grillxpress\/wp-json\/wp\/v2\/types\/page"}],"author":[{"embeddable":true,"href":"https:\/\/web4all.ai\/templates\/food\/grillxpress\/wp-json\/wp\/v2\/users\/1"}],"replies":[{"embeddable":true,"href":"https:\/\/web4all.ai\/templates\/food\/grillxpress\/wp-json\/wp\/v2\/comments?post=699"}],"version-history":[{"count":7,"href":"https:\/\/web4all.ai\/templates\/food\/grillxpress\/wp-json\/wp\/v2\/pages\/699\/revisions"}],"predecessor-version":[{"id":717,"href":"https:\/\/web4all.ai\/templates\/food\/grillxpress\/wp-json\/wp\/v2\/pages\/699\/revisions\/717"}],"wp:attachment":[{"href":"https:\/\/web4all.ai\/templates\/food\/grillxpress\/wp-json\/wp\/v2\/media?parent=699"}],"curies":[{"name":"wp","href":"https:\/\/api.w.org\/{rel}","templated":true}]}}