{"id":765,"date":"2025-07-19T11:11:14","date_gmt":"2025-07-19T11:11:14","guid":{"rendered":"https:\/\/web4all.ai\/templates\/food\/grillxpress\/?page_id=765"},"modified":"2025-07-19T21:08:06","modified_gmt":"2025-07-19T21:08:06","slug":"our-chefs-tr","status":"publish","type":"page","link":"https:\/\/web4all.ai\/templates\/food\/grillxpress\/tr\/our-chefs-tr\/","title":{"rendered":"Our Chefs Tr"},"content":{"rendered":"\t\t<div data-elementor-type=\"wp-page\" data-elementor-id=\"765\" class=\"elementor elementor-765\" data-elementor-post-type=\"page\">\n\t\t\t\t\t\t<section class=\"elementor-section elementor-top-section elementor-element elementor-element-44f98e31 elementor-section-full_width elementor-section-height-default elementor-section-height-default\" data-id=\"44f98e31\" data-element_type=\"section\">\n\t\t\t\t\t\t<div class=\"elementor-container elementor-column-gap-default\">\n\t\t\t\t\t<div class=\"elementor-column elementor-col-100 elementor-top-column elementor-element elementor-element-54340d94\" data-id=\"54340d94\" data-element_type=\"column\">\n\t\t\t<div class=\"elementor-widget-wrap elementor-element-populated\">\n\t\t\t\t\t\t<section class=\"elementor-section elementor-inner-section elementor-element elementor-element-58a38bba elementor-section-boxed elementor-section-height-default elementor-section-height-default\" data-id=\"58a38bba\" data-element_type=\"section\">\n\t\t\t\t\t\t<div class=\"elementor-container elementor-column-gap-default\">\n\t\t\t\t\t<div class=\"elementor-column elementor-col-100 elementor-inner-column elementor-element elementor-element-58ba0fc8\" data-id=\"58ba0fc8\" data-element_type=\"column\">\n\t\t\t<div class=\"elementor-widget-wrap elementor-element-populated\">\n\t\t\t\t\t\t<div class=\"elementor-element elementor-element-43f22e1 elementor-widget elementor-widget-heading\" data-id=\"43f22e1\" data-element_type=\"widget\" data-widget_type=\"heading.default\">\n\t\t\t\t<div class=\"elementor-widget-container\">\n\t\t\t\t\t<h1 class=\"elementor-heading-title elementor-size-default\">\u015eeflerimiz<\/h1>\t\t\t\t<\/div>\n\t\t\t\t<\/div>\n\t\t\t\t<div class=\"elementor-element elementor-element-7739ec9b elementor-widget__width-initial elementor-widget elementor-widget-text-editor\" data-id=\"7739ec9b\" data-element_type=\"widget\" data-widget_type=\"text-editor.default\">\n\t\t\t\t<div class=\"elementor-widget-container\">\n\t\t\t\t\t\t\t\t\t<p class=\"p2\">Bu metin, web sitenizin genel tasar\u0131m\u0131n\u0131 test etmek ve i\u00e7erik alanlar\u0131n\u0131 doldurmak amac\u0131yla kullan\u0131lan ge\u00e7ici bir yaz\u0131d\u0131r. Ger\u00e7ek i\u00e7erik hen\u00fcz haz\u0131r olmad\u0131\u011f\u0131 durumlarda bu t\u00fcr yer tutucu metinler, yaz\u0131 tipi, sat\u0131r aral\u0131\u011f\u0131 ve sayfa d\u00fczeninin nas\u0131l g\u00f6r\u00fcnece\u011fini \u00f6nceden g\u00f6stermek i\u00e7in olduk\u00e7a faydal\u0131d\u0131r. Kullan\u0131c\u0131 deneyimini iyile\u015ftirmek ve profesyonel bir g\u00f6r\u00fcn\u00fcm elde etmek i\u00e7in bu t\u00fcr \u00f6rnek paragraflar s\u0131kl\u0131kla tercih edilir. L\u00fctfen unutmay\u0131n: Bu metin rastgele olu\u015fturulmu\u015f olup herhangi bir anlam ta\u015f\u0131maz. Ger\u00e7ek i\u00e7erik ile de\u011fi\u015ftirildi\u011finde, tasar\u0131m\u0131n\u0131z nihai haline ula\u015facakt\u0131r.<\/p>\t\t\t\t\t\t\t\t<\/div>\n\t\t\t\t<\/div>\n\t\t\t\t<div class=\"elementor-element elementor-element-7e09b5a elementor-widget elementor-widget-image\" data-id=\"7e09b5a\" data-element_type=\"widget\" data-widget_type=\"image.default\">\n\t\t\t\t<div class=\"elementor-widget-container\">\n\t\t\t\t\t\t\t\t\t\t\t\t\t\t\t<img fetchpriority=\"high\" decoding=\"async\" width=\"800\" height=\"534\" src=\"https:\/\/web4all.ai\/templates\/food\/grillxpress\/wp-content\/uploads\/2023\/10\/chief_02-1024x683.jpg\" class=\"attachment-large size-large wp-image-378\" alt=\"\" srcset=\"https:\/\/web4all.ai\/templates\/food\/grillxpress\/wp-content\/uploads\/2023\/10\/chief_02-1024x683.jpg 1024w, https:\/\/web4all.ai\/templates\/food\/grillxpress\/wp-content\/uploads\/2023\/10\/chief_02-300x200.jpg 300w, https:\/\/web4all.ai\/templates\/food\/grillxpress\/wp-content\/uploads\/2023\/10\/chief_02-768x512.jpg 768w, https:\/\/web4all.ai\/templates\/food\/grillxpress\/wp-content\/uploads\/2023\/10\/chief_02.jpg 1382w\" sizes=\"(max-width: 800px) 100vw, 800px\" \/>\t\t\t\t\t\t\t\t\t\t\t\t\t\t\t<\/div>\n\t\t\t\t<\/div>\n\t\t\t\t\t<\/div>\n\t\t<\/div>\n\t\t\t\t\t<\/div>\n\t\t<\/section>\n\t\t\t\t<section class=\"elementor-section elementor-inner-section elementor-element elementor-element-ebeefb4 elementor-reverse-mobile elementor-section-boxed elementor-section-height-default elementor-section-height-default\" data-id=\"ebeefb4\" data-element_type=\"section\">\n\t\t\t\t\t\t<div class=\"elementor-container elementor-column-gap-default\">\n\t\t\t\t\t<div class=\"elementor-column elementor-col-50 elementor-inner-column elementor-element elementor-element-21c36d9\" data-id=\"21c36d9\" data-element_type=\"column\" data-settings=\"{&quot;background_background&quot;:&quot;classic&quot;}\">\n\t\t\t<div class=\"elementor-widget-wrap elementor-element-populated\">\n\t\t\t\t\t\t<div class=\"elementor-element elementor-element-335334b elementor-hidden-desktop elementor-widget elementor-widget-spacer\" data-id=\"335334b\" data-element_type=\"widget\" data-widget_type=\"spacer.default\">\n\t\t\t\t<div class=\"elementor-widget-container\">\n\t\t\t\t\t\t\t<div class=\"elementor-spacer\">\n\t\t\t<div class=\"elementor-spacer-inner\"><\/div>\n\t\t<\/div>\n\t\t\t\t\t\t<\/div>\n\t\t\t\t<\/div>\n\t\t\t\t\t<\/div>\n\t\t<\/div>\n\t\t\t\t<div class=\"elementor-column elementor-col-50 elementor-inner-column elementor-element elementor-element-b0d7d4d\" data-id=\"b0d7d4d\" data-element_type=\"column\">\n\t\t\t<div class=\"elementor-widget-wrap elementor-element-populated\">\n\t\t\t\t\t\t<div class=\"elementor-element elementor-element-d2b30c6 elementor-widget elementor-widget-heading\" data-id=\"d2b30c6\" data-element_type=\"widget\" data-widget_type=\"heading.default\">\n\t\t\t\t<div class=\"elementor-widget-container\">\n\t\t\t\t\t<h1 class=\"elementor-heading-title elementor-size-default\">Modern bir mutfa\u011f\u0131n yaratt\u0131\u011f\u0131 fark\u0131 tad\u0131n.<\/h1>\t\t\t\t<\/div>\n\t\t\t\t<\/div>\n\t\t\t\t<div class=\"elementor-element elementor-element-a5b1f38 elementor-widget elementor-widget-text-editor\" data-id=\"a5b1f38\" data-element_type=\"widget\" data-widget_type=\"text-editor.default\">\n\t\t\t\t<div class=\"elementor-widget-container\">\n\t\t\t\t\t\t\t\t\t<p class=\"p1\">Bu metin, web sitenizin genel tasar\u0131m\u0131n\u0131 test etmek ve i\u00e7erik alanlar\u0131n\u0131 doldurmak amac\u0131yla kullan\u0131lan ge\u00e7ici bir yaz\u0131d\u0131r. Ger\u00e7ek i\u00e7erik hen\u00fcz haz\u0131r olmad\u0131\u011f\u0131 durumlarda bu t\u00fcr yer tutucu metinler, yaz\u0131 tipi, sat\u0131r aral\u0131\u011f\u0131 ve sayfa d\u00fczeninin nas\u0131l g\u00f6r\u00fcnece\u011fini \u00f6nceden g\u00f6stermek i\u00e7in olduk\u00e7a faydal\u0131d\u0131r.<\/p>\t\t\t\t\t\t\t\t<\/div>\n\t\t\t\t<\/div>\n\t\t\t\t<div class=\"elementor-element elementor-element-b8385ac elementor-widget__width-initial elementor-absolute elementor-widget elementor-widget-image\" data-id=\"b8385ac\" data-element_type=\"widget\" data-settings=\"{&quot;_position&quot;:&quot;absolute&quot;}\" data-widget_type=\"image.default\">\n\t\t\t\t<div class=\"elementor-widget-container\">\n\t\t\t\t\t\t\t\t\t\t\t\t\t\t\t<img decoding=\"async\" width=\"287\" height=\"300\" src=\"https:\/\/web4all.ai\/templates\/food\/grillxpress\/wp-content\/uploads\/2023\/10\/Smoky-leafs-287x300.png\" class=\"attachment-medium size-medium wp-image-109\" alt=\"\" srcset=\"https:\/\/web4all.ai\/templates\/food\/grillxpress\/wp-content\/uploads\/2023\/10\/Smoky-leafs-287x300.png 287w, https:\/\/web4all.ai\/templates\/food\/grillxpress\/wp-content\/uploads\/2023\/10\/Smoky-leafs.png 558w\" sizes=\"(max-width: 287px) 100vw, 287px\" \/>\t\t\t\t\t\t\t\t\t\t\t\t\t\t\t<\/div>\n\t\t\t\t<\/div>\n\t\t\t\t<div class=\"elementor-element elementor-element-a09dff8 elementor-widget__width-initial elementor-absolute elementor-widget elementor-widget-image\" data-id=\"a09dff8\" data-element_type=\"widget\" data-settings=\"{&quot;_position&quot;:&quot;absolute&quot;}\" data-widget_type=\"image.default\">\n\t\t\t\t<div class=\"elementor-widget-container\">\n\t\t\t\t\t\t\t\t\t\t\t\t\t\t\t<img decoding=\"async\" width=\"300\" height=\"300\" src=\"https:\/\/web4all.ai\/templates\/food\/grillxpress\/wp-content\/uploads\/2023\/10\/Smoky-leaf-300x300.png\" class=\"attachment-medium size-medium wp-image-106\" alt=\"\" srcset=\"https:\/\/web4all.ai\/templates\/food\/grillxpress\/wp-content\/uploads\/2023\/10\/Smoky-leaf-300x300.png 300w, https:\/\/web4all.ai\/templates\/food\/grillxpress\/wp-content\/uploads\/2023\/10\/Smoky-leaf-150x150.png 150w, https:\/\/web4all.ai\/templates\/food\/grillxpress\/wp-content\/uploads\/2023\/10\/Smoky-leaf.png 426w\" sizes=\"(max-width: 300px) 100vw, 300px\" \/>\t\t\t\t\t\t\t\t\t\t\t\t\t\t\t<\/div>\n\t\t\t\t<\/div>\n\t\t\t\t<div class=\"elementor-element elementor-element-41b96b4 elementor-widget__width-initial elementor-absolute elementor-widget elementor-widget-image\" data-id=\"41b96b4\" data-element_type=\"widget\" data-settings=\"{&quot;_position&quot;:&quot;absolute&quot;}\" data-widget_type=\"image.default\">\n\t\t\t\t<div class=\"elementor-widget-container\">\n\t\t\t\t\t\t\t\t\t\t\t\t\t\t\t<img loading=\"lazy\" decoding=\"async\" width=\"297\" height=\"300\" src=\"https:\/\/web4all.ai\/templates\/food\/grillxpress\/wp-content\/uploads\/2023\/10\/Smoky-chilly-icon-297x300.png\" class=\"attachment-medium size-medium wp-image-102\" alt=\"\" srcset=\"https:\/\/web4all.ai\/templates\/food\/grillxpress\/wp-content\/uploads\/2023\/10\/Smoky-chilly-icon-297x300.png 297w, https:\/\/web4all.ai\/templates\/food\/grillxpress\/wp-content\/uploads\/2023\/10\/Smoky-chilly-icon-768x775.png 768w, https:\/\/web4all.ai\/templates\/food\/grillxpress\/wp-content\/uploads\/2023\/10\/Smoky-chilly-icon.png 814w\" sizes=\"(max-width: 297px) 100vw, 297px\" \/>\t\t\t\t\t\t\t\t\t\t\t\t\t\t\t<\/div>\n\t\t\t\t<\/div>\n\t\t\t\t\t<\/div>\n\t\t<\/div>\n\t\t\t\t\t<\/div>\n\t\t<\/section>\n\t\t\t\t\t<\/div>\n\t\t<\/div>\n\t\t\t\t\t<\/div>\n\t\t<\/section>\n\t\t\t\t<\/div>\n\t\t","protected":false},"excerpt":{"rendered":"<p>\u015eeflerimiz Bu metin, web sitenizin genel tasar\u0131m\u0131n\u0131 test etmek ve i\u00e7erik alanlar\u0131n\u0131 doldurmak amac\u0131yla kullan\u0131lan ge\u00e7ici bir yaz\u0131d\u0131r. Ger\u00e7ek i\u00e7erik hen\u00fcz haz\u0131r olmad\u0131\u011f\u0131 durumlarda bu t\u00fcr yer tutucu metinler, yaz\u0131 tipi, sat\u0131r aral\u0131\u011f\u0131 ve sayfa d\u00fczeninin nas\u0131l g\u00f6r\u00fcnece\u011fini \u00f6nceden g\u00f6stermek i\u00e7in olduk\u00e7a faydal\u0131d\u0131r. Kullan\u0131c\u0131 deneyimini iyile\u015ftirmek ve profesyonel bir g\u00f6r\u00fcn\u00fcm elde etmek i\u00e7in bu t\u00fcr [&hellip;]<\/p>\n","protected":false},"author":1,"featured_media":0,"parent":0,"menu_order":0,"comment_status":"closed","ping_status":"closed","template":"","meta":{"footnotes":""},"class_list":["post-765","page","type-page","status-publish","hentry"],"lang":"tr","translations":{"tr":765,"en":194,"ar":770},"pll_sync_post":[],"_links":{"self":[{"href":"https:\/\/web4all.ai\/templates\/food\/grillxpress\/wp-json\/wp\/v2\/pages\/765","targetHints":{"allow":["GET"]}}],"collection":[{"href":"https:\/\/web4all.ai\/templates\/food\/grillxpress\/wp-json\/wp\/v2\/pages"}],"about":[{"href":"https:\/\/web4all.ai\/templates\/food\/grillxpress\/wp-json\/wp\/v2\/types\/page"}],"author":[{"embeddable":true,"href":"https:\/\/web4all.ai\/templates\/food\/grillxpress\/wp-json\/wp\/v2\/users\/1"}],"replies":[{"embeddable":true,"href":"https:\/\/web4all.ai\/templates\/food\/grillxpress\/wp-json\/wp\/v2\/comments?post=765"}],"version-history":[{"count":7,"href":"https:\/\/web4all.ai\/templates\/food\/grillxpress\/wp-json\/wp\/v2\/pages\/765\/revisions"}],"predecessor-version":[{"id":938,"href":"https:\/\/web4all.ai\/templates\/food\/grillxpress\/wp-json\/wp\/v2\/pages\/765\/revisions\/938"}],"wp:attachment":[{"href":"https:\/\/web4all.ai\/templates\/food\/grillxpress\/wp-json\/wp\/v2\/media?parent=765"}],"curies":[{"name":"wp","href":"https:\/\/api.w.org\/{rel}","templated":true}]}}