{"id":1197,"date":"2025-08-06T11:43:11","date_gmt":"2025-08-06T11:43:11","guid":{"rendered":"https:\/\/web4all.ai\/templates\/travel\/?page_id=1197"},"modified":"2025-08-06T11:46:33","modified_gmt":"2025-08-06T11:46:33","slug":"gallery-tr","status":"publish","type":"page","link":"https:\/\/web4all.ai\/templates\/travel\/tr\/gallery-tr\/","title":{"rendered":"Gallery Tr"},"content":{"rendered":"\t\t<div data-elementor-type=\"wp-page\" data-elementor-id=\"1197\" class=\"elementor elementor-1197\" data-elementor-post-type=\"page\">\n\t\t\t\t\t\t<section class=\"elementor-section elementor-top-section elementor-element elementor-element-75d61a35 elementor-section-boxed elementor-section-height-default elementor-section-height-default\" data-id=\"75d61a35\" data-element_type=\"section\" data-settings=\"{&quot;background_background&quot;:&quot;classic&quot;}\">\n\t\t\t\t\t\t\t<div class=\"elementor-background-overlay\"><\/div>\n\t\t\t\t\t\t\t<div class=\"elementor-container elementor-column-gap-default\">\n\t\t\t\t\t<div class=\"elementor-column elementor-col-100 elementor-top-column elementor-element elementor-element-4931c6dd\" data-id=\"4931c6dd\" data-element_type=\"column\">\n\t\t\t<div class=\"elementor-widget-wrap elementor-element-populated\">\n\t\t\t\t\t\t<div class=\"elementor-element elementor-element-2d4ca590 elementor-widget elementor-widget-heading\" data-id=\"2d4ca590\" data-element_type=\"widget\" data-widget_type=\"heading.default\">\n\t\t\t\t<div class=\"elementor-widget-container\">\n\t\t\t\t\t<h2 class=\"elementor-heading-title elementor-size-default\">Galeri<\/h2>\t\t\t\t<\/div>\n\t\t\t\t<\/div>\n\t\t\t\t<div class=\"elementor-element elementor-element-715efccb elementor-icon-list--layout-inline elementor-align-center elementor-list-item-link-full_width elementor-widget elementor-widget-icon-list\" data-id=\"715efccb\" data-element_type=\"widget\" data-widget_type=\"icon-list.default\">\n\t\t\t\t<div class=\"elementor-widget-container\">\n\t\t\t\t\t\t\t<ul class=\"elementor-icon-list-items elementor-inline-items\">\n\t\t\t\t\t\t\t<li class=\"elementor-icon-list-item elementor-inline-item\">\n\t\t\t\t\t\t\t\t\t\t<span class=\"elementor-icon-list-text\">Home<\/span>\n\t\t\t\t\t\t\t\t\t<\/li>\n\t\t\t\t\t\t\t\t<li class=\"elementor-icon-list-item elementor-inline-item\">\n\t\t\t\t\t\t\t\t\t\t\t<span class=\"elementor-icon-list-icon\">\n\t\t\t\t\t\t\t<i aria-hidden=\"true\" class=\"fas fa-chevron-right\"><\/i>\t\t\t\t\t\t<\/span>\n\t\t\t\t\t\t\t\t\t\t<span class=\"elementor-icon-list-text\">Gallery<\/span>\n\t\t\t\t\t\t\t\t\t<\/li>\n\t\t\t\t\t\t<\/ul>\n\t\t\t\t\t\t<\/div>\n\t\t\t\t<\/div>\n\t\t\t\t\t<\/div>\n\t\t<\/div>\n\t\t\t\t\t<\/div>\n\t\t<\/section>\n\t\t\t\t<section class=\"elementor-section elementor-top-section elementor-element elementor-element-7d9ae679 elementor-section-full_width elementor-section-height-default elementor-section-height-default\" data-id=\"7d9ae679\" data-element_type=\"section\">\n\t\t\t\t\t\t<div class=\"elementor-container elementor-column-gap-no\">\n\t\t\t\t\t<div class=\"elementor-column elementor-col-100 elementor-top-column elementor-element elementor-element-6658830a\" data-id=\"6658830a\" data-element_type=\"column\">\n\t\t\t<div class=\"elementor-widget-wrap elementor-element-populated\">\n\t\t\t\t\t\t<div class=\"elementor-element elementor-element-180ffc4b elementor-widget elementor-widget-heading\" data-id=\"180ffc4b\" data-element_type=\"widget\" data-widget_type=\"heading.default\">\n\t\t\t\t<div class=\"elementor-widget-container\">\n\t\t\t\t\t<h2 class=\"elementor-heading-title elementor-size-default\">Galeri<\/h2>\t\t\t\t<\/div>\n\t\t\t\t<\/div>\n\t\t\t\t<section class=\"elementor-section elementor-inner-section elementor-element elementor-element-58e6cca8 elementor-section-boxed elementor-section-height-default elementor-section-height-default\" data-id=\"58e6cca8\" data-element_type=\"section\">\n\t\t\t\t\t\t<div class=\"elementor-container elementor-column-gap-no\">\n\t\t\t\t\t<div class=\"elementor-column elementor-col-100 elementor-inner-column elementor-element elementor-element-51bed43a\" data-id=\"51bed43a\" data-element_type=\"column\">\n\t\t\t<div class=\"elementor-widget-wrap elementor-element-populated\">\n\t\t\t\t\t\t<div class=\"elementor-element elementor-element-1b9ec800 elementor-widget elementor-widget-text-editor\" data-id=\"1b9ec800\" data-element_type=\"widget\" data-widget_type=\"text-editor.default\">\n\t\t\t\t<div class=\"elementor-widget-container\">\n\t\t\t\t\t\t\t\t\t<p class=\"p1\">Bu metin, tasar\u0131m \u00e7al\u0131\u015fmalar\u0131nda kullan\u0131lmak \u00fczere olu\u015fturulmu\u015f ge\u00e7ici bir yaz\u0131d\u0131r. Ger\u00e7ek i\u00e7eri\u011fin yerini tutmak amac\u0131yla buraya eklenmi\u015ftir.<\/p>\t\t\t\t\t\t\t\t<\/div>\n\t\t\t\t<\/div>\n\t\t\t\t\t<\/div>\n\t\t<\/div>\n\t\t\t\t\t<\/div>\n\t\t<\/section>\n\t\t\t\t<div class=\"elementor-element elementor-element-27726166 elementor-widget elementor-widget-image-gallery\" data-id=\"27726166\" data-element_type=\"widget\" data-widget_type=\"image-gallery.default\">\n\t\t\t\t<div class=\"elementor-widget-container\">\n\t\t\t\t\t\t\t<div class=\"elementor-image-gallery\">\n\t\t\t<div id='gallery-1' class='gallery galleryid-1197 gallery-columns-3 gallery-size-full'><figure class='gallery-item'>\n\t\t\t<div class='gallery-icon landscape'>\n\t\t\t\t<a data-elementor-open-lightbox=\"yes\" data-elementor-lightbox-slideshow=\"27726166\" data-elementor-lightbox-title=\"destin_01\" data-e-action-hash=\"#elementor-action%3Aaction%3Dlightbox%26settings%3DeyJpZCI6MzY1LCJ1cmwiOiJodHRwczpcL1wvd2ViNGFsbC5haVwvdGVtcGxhdGVzXC90cmF2ZWxcL3dwLWNvbnRlbnRcL3VwbG9hZHNcLzIwMjNcLzA5XC9kZXN0aW5fMDEuanBnIiwic2xpZGVzaG93IjoiMjc3MjYxNjYifQ%3D%3D\" href='https:\/\/web4all.ai\/templates\/travel\/wp-content\/uploads\/2023\/09\/destin_01.jpg'><img fetchpriority=\"high\" decoding=\"async\" width=\"600\" height=\"500\" src=\"https:\/\/web4all.ai\/templates\/travel\/wp-content\/uploads\/2023\/09\/destin_01.jpg\" class=\"attachment-full size-full\" alt=\"\" srcset=\"https:\/\/web4all.ai\/templates\/travel\/wp-content\/uploads\/2023\/09\/destin_01.jpg 600w, https:\/\/web4all.ai\/templates\/travel\/wp-content\/uploads\/2023\/09\/destin_01-300x250.jpg 300w\" sizes=\"(max-width: 600px) 100vw, 600px\" \/><\/a>\n\t\t\t<\/div><\/figure><figure class='gallery-item'>\n\t\t\t<div class='gallery-icon landscape'>\n\t\t\t\t<a data-elementor-open-lightbox=\"yes\" data-elementor-lightbox-slideshow=\"27726166\" data-elementor-lightbox-title=\"destin_03\" data-e-action-hash=\"#elementor-action%3Aaction%3Dlightbox%26settings%3DeyJpZCI6MzY3LCJ1cmwiOiJodHRwczpcL1wvd2ViNGFsbC5haVwvdGVtcGxhdGVzXC90cmF2ZWxcL3dwLWNvbnRlbnRcL3VwbG9hZHNcLzIwMjNcLzA5XC9kZXN0aW5fMDMuanBnIiwic2xpZGVzaG93IjoiMjc3MjYxNjYifQ%3D%3D\" href='https:\/\/web4all.ai\/templates\/travel\/wp-content\/uploads\/2023\/09\/destin_03.jpg'><img decoding=\"async\" width=\"600\" height=\"500\" src=\"https:\/\/web4all.ai\/templates\/travel\/wp-content\/uploads\/2023\/09\/destin_03.jpg\" class=\"attachment-full size-full\" alt=\"\" srcset=\"https:\/\/web4all.ai\/templates\/travel\/wp-content\/uploads\/2023\/09\/destin_03.jpg 600w, https:\/\/web4all.ai\/templates\/travel\/wp-content\/uploads\/2023\/09\/destin_03-300x250.jpg 300w\" sizes=\"(max-width: 600px) 100vw, 600px\" \/><\/a>\n\t\t\t<\/div><\/figure><figure class='gallery-item'>\n\t\t\t<div class='gallery-icon landscape'>\n\t\t\t\t<a data-elementor-open-lightbox=\"yes\" data-elementor-lightbox-slideshow=\"27726166\" data-elementor-lightbox-title=\"destin_04\" data-e-action-hash=\"#elementor-action%3Aaction%3Dlightbox%26settings%3DeyJpZCI6MzcxLCJ1cmwiOiJodHRwczpcL1wvd2ViNGFsbC5haVwvdGVtcGxhdGVzXC90cmF2ZWxcL3dwLWNvbnRlbnRcL3VwbG9hZHNcLzIwMjNcLzA5XC9kZXN0aW5fMDQuanBnIiwic2xpZGVzaG93IjoiMjc3MjYxNjYifQ%3D%3D\" href='https:\/\/web4all.ai\/templates\/travel\/wp-content\/uploads\/2023\/09\/destin_04.jpg'><img decoding=\"async\" width=\"600\" height=\"500\" src=\"https:\/\/web4all.ai\/templates\/travel\/wp-content\/uploads\/2023\/09\/destin_04.jpg\" class=\"attachment-full size-full\" alt=\"\" srcset=\"https:\/\/web4all.ai\/templates\/travel\/wp-content\/uploads\/2023\/09\/destin_04.jpg 600w, https:\/\/web4all.ai\/templates\/travel\/wp-content\/uploads\/2023\/09\/destin_04-300x250.jpg 300w\" sizes=\"(max-width: 600px) 100vw, 600px\" \/><\/a>\n\t\t\t<\/div><\/figure><figure class='gallery-item'>\n\t\t\t<div class='gallery-icon landscape'>\n\t\t\t\t<a data-elementor-open-lightbox=\"yes\" data-elementor-lightbox-slideshow=\"27726166\" data-elementor-lightbox-title=\"dis_03\" data-e-action-hash=\"#elementor-action%3Aaction%3Dlightbox%26settings%3DeyJpZCI6Mzk1LCJ1cmwiOiJodHRwczpcL1wvd2ViNGFsbC5haVwvdGVtcGxhdGVzXC90cmF2ZWxcL3dwLWNvbnRlbnRcL3VwbG9hZHNcLzIwMjNcLzA5XC9kaXNfMDMuanBnIiwic2xpZGVzaG93IjoiMjc3MjYxNjYifQ%3D%3D\" href='https:\/\/web4all.ai\/templates\/travel\/wp-content\/uploads\/2023\/09\/dis_03.jpg'><img loading=\"lazy\" decoding=\"async\" width=\"600\" height=\"600\" src=\"https:\/\/web4all.ai\/templates\/travel\/wp-content\/uploads\/2023\/09\/dis_03.jpg\" class=\"attachment-full size-full\" alt=\"\" srcset=\"https:\/\/web4all.ai\/templates\/travel\/wp-content\/uploads\/2023\/09\/dis_03.jpg 600w, https:\/\/web4all.ai\/templates\/travel\/wp-content\/uploads\/2023\/09\/dis_03-300x300.jpg 300w, https:\/\/web4all.ai\/templates\/travel\/wp-content\/uploads\/2023\/09\/dis_03-150x150.jpg 150w\" sizes=\"(max-width: 600px) 100vw, 600px\" \/><\/a>\n\t\t\t<\/div><\/figure><figure class='gallery-item'>\n\t\t\t<div class='gallery-icon landscape'>\n\t\t\t\t<a data-elementor-open-lightbox=\"yes\" data-elementor-lightbox-slideshow=\"27726166\" data-elementor-lightbox-title=\"dis_01\" data-e-action-hash=\"#elementor-action%3Aaction%3Dlightbox%26settings%3DeyJpZCI6Mzk2LCJ1cmwiOiJodHRwczpcL1wvd2ViNGFsbC5haVwvdGVtcGxhdGVzXC90cmF2ZWxcL3dwLWNvbnRlbnRcL3VwbG9hZHNcLzIwMjNcLzA5XC9kaXNfMDEuanBnIiwic2xpZGVzaG93IjoiMjc3MjYxNjYifQ%3D%3D\" href='https:\/\/web4all.ai\/templates\/travel\/wp-content\/uploads\/2023\/09\/dis_01.jpg'><img loading=\"lazy\" decoding=\"async\" width=\"600\" height=\"600\" src=\"https:\/\/web4all.ai\/templates\/travel\/wp-content\/uploads\/2023\/09\/dis_01.jpg\" class=\"attachment-full size-full\" alt=\"\" srcset=\"https:\/\/web4all.ai\/templates\/travel\/wp-content\/uploads\/2023\/09\/dis_01.jpg 600w, https:\/\/web4all.ai\/templates\/travel\/wp-content\/uploads\/2023\/09\/dis_01-300x300.jpg 300w, https:\/\/web4all.ai\/templates\/travel\/wp-content\/uploads\/2023\/09\/dis_01-150x150.jpg 150w\" sizes=\"(max-width: 600px) 100vw, 600px\" \/><\/a>\n\t\t\t<\/div><\/figure><figure class='gallery-item'>\n\t\t\t<div class='gallery-icon landscape'>\n\t\t\t\t<a data-elementor-open-lightbox=\"yes\" data-elementor-lightbox-slideshow=\"27726166\" data-elementor-lightbox-title=\"dis_02\" data-e-action-hash=\"#elementor-action%3Aaction%3Dlightbox%26settings%3DeyJpZCI6Mzk0LCJ1cmwiOiJodHRwczpcL1wvd2ViNGFsbC5haVwvdGVtcGxhdGVzXC90cmF2ZWxcL3dwLWNvbnRlbnRcL3VwbG9hZHNcLzIwMjNcLzA5XC9kaXNfMDIuanBnIiwic2xpZGVzaG93IjoiMjc3MjYxNjYifQ%3D%3D\" href='https:\/\/web4all.ai\/templates\/travel\/wp-content\/uploads\/2023\/09\/dis_02.jpg'><img loading=\"lazy\" decoding=\"async\" width=\"600\" height=\"600\" src=\"https:\/\/web4all.ai\/templates\/travel\/wp-content\/uploads\/2023\/09\/dis_02.jpg\" class=\"attachment-full size-full\" alt=\"\" srcset=\"https:\/\/web4all.ai\/templates\/travel\/wp-content\/uploads\/2023\/09\/dis_02.jpg 600w, https:\/\/web4all.ai\/templates\/travel\/wp-content\/uploads\/2023\/09\/dis_02-300x300.jpg 300w, https:\/\/web4all.ai\/templates\/travel\/wp-content\/uploads\/2023\/09\/dis_02-150x150.jpg 150w\" sizes=\"(max-width: 600px) 100vw, 600px\" \/><\/a>\n\t\t\t<\/div><\/figure><figure class='gallery-item'>\n\t\t\t<div class='gallery-icon landscape'>\n\t\t\t\t<a data-elementor-open-lightbox=\"yes\" data-elementor-lightbox-slideshow=\"27726166\" data-elementor-lightbox-title=\"des_12\" data-e-action-hash=\"#elementor-action%3Aaction%3Dlightbox%26settings%3DeyJpZCI6MzE1LCJ1cmwiOiJodHRwczpcL1wvd2ViNGFsbC5haVwvdGVtcGxhdGVzXC90cmF2ZWxcL3dwLWNvbnRlbnRcL3VwbG9hZHNcLzIwMjNcLzA4XC9kZXNfMTIuanBnIiwic2xpZGVzaG93IjoiMjc3MjYxNjYifQ%3D%3D\" href='https:\/\/web4all.ai\/templates\/travel\/wp-content\/uploads\/2023\/08\/des_12.jpg'><img loading=\"lazy\" decoding=\"async\" width=\"600\" height=\"400\" src=\"https:\/\/web4all.ai\/templates\/travel\/wp-content\/uploads\/2023\/08\/des_12.jpg\" class=\"attachment-full size-full\" alt=\"\" srcset=\"https:\/\/web4all.ai\/templates\/travel\/wp-content\/uploads\/2023\/08\/des_12.jpg 600w, https:\/\/web4all.ai\/templates\/travel\/wp-content\/uploads\/2023\/08\/des_12-300x200.jpg 300w\" sizes=\"(max-width: 600px) 100vw, 600px\" \/><\/a>\n\t\t\t<\/div><\/figure><figure class='gallery-item'>\n\t\t\t<div class='gallery-icon landscape'>\n\t\t\t\t<a data-elementor-open-lightbox=\"yes\" data-elementor-lightbox-slideshow=\"27726166\" data-elementor-lightbox-title=\"gal_06\" data-e-action-hash=\"#elementor-action%3Aaction%3Dlightbox%26settings%3DeyJpZCI6MzE5LCJ1cmwiOiJodHRwczpcL1wvd2ViNGFsbC5haVwvdGVtcGxhdGVzXC90cmF2ZWxcL3dwLWNvbnRlbnRcL3VwbG9hZHNcLzIwMjNcLzA4XC9nYWxfMDYuanBnIiwic2xpZGVzaG93IjoiMjc3MjYxNjYifQ%3D%3D\" href='https:\/\/web4all.ai\/templates\/travel\/wp-content\/uploads\/2023\/08\/gal_06.jpg'><img loading=\"lazy\" decoding=\"async\" width=\"632\" height=\"424\" src=\"https:\/\/web4all.ai\/templates\/travel\/wp-content\/uploads\/2023\/08\/gal_06.jpg\" class=\"attachment-full size-full\" alt=\"\" srcset=\"https:\/\/web4all.ai\/templates\/travel\/wp-content\/uploads\/2023\/08\/gal_06.jpg 632w, https:\/\/web4all.ai\/templates\/travel\/wp-content\/uploads\/2023\/08\/gal_06-300x201.jpg 300w\" sizes=\"(max-width: 632px) 100vw, 632px\" \/><\/a>\n\t\t\t<\/div><\/figure><figure class='gallery-item'>\n\t\t\t<div class='gallery-icon landscape'>\n\t\t\t\t<a data-elementor-open-lightbox=\"yes\" data-elementor-lightbox-slideshow=\"27726166\" data-elementor-lightbox-title=\"des_01\" data-e-action-hash=\"#elementor-action%3Aaction%3Dlightbox%26settings%3DeyJpZCI6Mjc0LCJ1cmwiOiJodHRwczpcL1wvd2ViNGFsbC5haVwvdGVtcGxhdGVzXC90cmF2ZWxcL3dwLWNvbnRlbnRcL3VwbG9hZHNcLzIwMjNcLzA4XC9kZXNfMDEuanBnIiwic2xpZGVzaG93IjoiMjc3MjYxNjYifQ%3D%3D\" href='https:\/\/web4all.ai\/templates\/travel\/wp-content\/uploads\/2023\/08\/des_01.jpg'><img loading=\"lazy\" decoding=\"async\" width=\"461\" height=\"312\" src=\"https:\/\/web4all.ai\/templates\/travel\/wp-content\/uploads\/2023\/08\/des_01.jpg\" class=\"attachment-full size-full\" alt=\"\" srcset=\"https:\/\/web4all.ai\/templates\/travel\/wp-content\/uploads\/2023\/08\/des_01.jpg 461w, https:\/\/web4all.ai\/templates\/travel\/wp-content\/uploads\/2023\/08\/des_01-300x203.jpg 300w\" sizes=\"(max-width: 461px) 100vw, 461px\" \/><\/a>\n\t\t\t<\/div><\/figure>\n\t\t<\/div>\n\t\t<\/div>\n\t\t\t\t\t\t<\/div>\n\t\t\t\t<\/div>\n\t\t\t\t<div class=\"elementor-element elementor-element-21ea1ffc elementor-absolute elementor-widget elementor-widget-heading\" data-id=\"21ea1ffc\" data-element_type=\"widget\" data-settings=\"{&quot;_position&quot;:&quot;absolute&quot;}\" data-widget_type=\"heading.default\">\n\t\t\t\t<div class=\"elementor-widget-container\">\n\t\t\t\t\t<h2 class=\"elementor-heading-title elementor-size-default\">TRAVEAST<\/h2>\t\t\t\t<\/div>\n\t\t\t\t<\/div>\n\t\t\t\t\t<\/div>\n\t\t<\/div>\n\t\t\t\t\t<\/div>\n\t\t<\/section>\n\t\t\t\t<section class=\"elementor-section elementor-top-section elementor-element elementor-element-111e0fdb elementor-section-boxed elementor-section-height-default elementor-section-height-default\" data-id=\"111e0fdb\" data-element_type=\"section\" data-settings=\"{&quot;background_background&quot;:&quot;classic&quot;}\">\n\t\t\t\t\t\t\t<div class=\"elementor-background-overlay\"><\/div>\n\t\t\t\t\t\t\t<div class=\"elementor-container elementor-column-gap-default\">\n\t\t\t\t\t<div class=\"elementor-column elementor-col-100 elementor-top-column elementor-element elementor-element-741456b3\" data-id=\"741456b3\" data-element_type=\"column\">\n\t\t\t<div class=\"elementor-widget-wrap elementor-element-populated\">\n\t\t\t\t\t\t<div class=\"elementor-element elementor-element-2b1d1041 elementor-widget elementor-widget-heading\" data-id=\"2b1d1041\" data-element_type=\"widget\" data-widget_type=\"heading.default\">\n\t\t\t\t<div class=\"elementor-widget-container\">\n\t\t\t\t\t<h2 class=\"elementor-heading-title elementor-size-default\">\u00d6m\u00fcr Boyu S\u00fcrecek An\u0131lar Yarat\u0131n <br> Yolculuk \u015eimdi Ba\u015fl\u0131yor<\/h2>\t\t\t\t<\/div>\n\t\t\t\t<\/div>\n\t\t\t\t<section class=\"elementor-section elementor-inner-section elementor-element elementor-element-52d7ff03 elementor-section-boxed elementor-section-height-default elementor-section-height-default\" data-id=\"52d7ff03\" data-element_type=\"section\">\n\t\t\t\t\t\t<div class=\"elementor-container elementor-column-gap-default\">\n\t\t\t\t\t<div class=\"elementor-column elementor-col-50 elementor-inner-column elementor-element elementor-element-2405e188\" data-id=\"2405e188\" data-element_type=\"column\">\n\t\t\t<div class=\"elementor-widget-wrap elementor-element-populated\">\n\t\t\t\t\t\t<div class=\"elementor-element elementor-element-20ea46e8 elementor-align-right elementor-mobile-align-center elementor-widget elementor-widget-button\" data-id=\"20ea46e8\" data-element_type=\"widget\" data-widget_type=\"button.default\">\n\t\t\t\t<div class=\"elementor-widget-container\">\n\t\t\t\t\t\t\t\t\t<div class=\"elementor-button-wrapper\">\n\t\t\t\t\t<a class=\"elementor-button elementor-button-link elementor-size-sm elementor-animation-float\" href=\"#\">\n\t\t\t\t\t\t<span class=\"elementor-button-content-wrapper\">\n\t\t\t\t\t\t\t\t\t<span class=\"elementor-button-text\">Paketleri G\u00f6r<\/span>\n\t\t\t\t\t<\/span>\n\t\t\t\t\t<\/a>\n\t\t\t\t<\/div>\n\t\t\t\t\t\t\t\t<\/div>\n\t\t\t\t<\/div>\n\t\t\t\t\t<\/div>\n\t\t<\/div>\n\t\t\t\t<div class=\"elementor-column elementor-col-50 elementor-inner-column elementor-element elementor-element-6ae03eac\" data-id=\"6ae03eac\" data-element_type=\"column\">\n\t\t\t<div class=\"elementor-widget-wrap elementor-element-populated\">\n\t\t\t\t\t\t<div class=\"elementor-element elementor-element-103e64ab elementor-align-left elementor-mobile-align-center elementor-widget elementor-widget-button\" data-id=\"103e64ab\" data-element_type=\"widget\" data-widget_type=\"button.default\">\n\t\t\t\t<div class=\"elementor-widget-container\">\n\t\t\t\t\t\t\t\t\t<div class=\"elementor-button-wrapper\">\n\t\t\t\t\t<a class=\"elementor-button elementor-button-link elementor-size-sm elementor-animation-float\" href=\"#\">\n\t\t\t\t\t\t<span class=\"elementor-button-content-wrapper\">\n\t\t\t\t\t\t\t\t\t<span class=\"elementor-button-text\">Daha Fazlas\u0131n\u0131 Ke\u015ffet<\/span>\n\t\t\t\t\t<\/span>\n\t\t\t\t\t<\/a>\n\t\t\t\t<\/div>\n\t\t\t\t\t\t\t\t<\/div>\n\t\t\t\t<\/div>\n\t\t\t\t\t<\/div>\n\t\t<\/div>\n\t\t\t\t\t<\/div>\n\t\t<\/section>\n\t\t\t\t\t<\/div>\n\t\t<\/div>\n\t\t\t\t\t<\/div>\n\t\t<\/section>\n\t\t\t\t<\/div>\n\t\t","protected":false},"excerpt":{"rendered":"<p>Galeri Home Gallery Galeri Bu metin, tasar\u0131m \u00e7al\u0131\u015fmalar\u0131nda kullan\u0131lmak \u00fczere olu\u015fturulmu\u015f ge\u00e7ici bir yaz\u0131d\u0131r. Ger\u00e7ek i\u00e7eri\u011fin yerini tutmak amac\u0131yla buraya eklenmi\u015ftir. TRAVEAST \u00d6m\u00fcr Boyu S\u00fcrecek An\u0131lar Yarat\u0131n Yolculuk \u015eimdi Ba\u015fl\u0131yor Paketleri G\u00f6r Daha Fazlas\u0131n\u0131 Ke\u015ffet<\/p>\n","protected":false},"author":1,"featured_media":0,"parent":0,"menu_order":0,"comment_status":"closed","ping_status":"closed","template":"","meta":{"footnotes":""},"class_list":["post-1197","page","type-page","status-publish","hentry"],"lang":"tr","translations":{"tr":1197,"en":192,"ar":1202},"pll_sync_post":[],"_links":{"self":[{"href":"https:\/\/web4all.ai\/templates\/travel\/wp-json\/wp\/v2\/pages\/1197","targetHints":{"allow":["GET"]}}],"collection":[{"href":"https:\/\/web4all.ai\/templates\/travel\/wp-json\/wp\/v2\/pages"}],"about":[{"href":"https:\/\/web4all.ai\/templates\/travel\/wp-json\/wp\/v2\/types\/page"}],"author":[{"embeddable":true,"href":"https:\/\/web4all.ai\/templates\/travel\/wp-json\/wp\/v2\/users\/1"}],"replies":[{"embeddable":true,"href":"https:\/\/web4all.ai\/templates\/travel\/wp-json\/wp\/v2\/comments?post=1197"}],"version-history":[{"count":4,"href":"https:\/\/web4all.ai\/templates\/travel\/wp-json\/wp\/v2\/pages\/1197\/revisions"}],"predecessor-version":[{"id":1201,"href":"https:\/\/web4all.ai\/templates\/travel\/wp-json\/wp\/v2\/pages\/1197\/revisions\/1201"}],"wp:attachment":[{"href":"https:\/\/web4all.ai\/templates\/travel\/wp-json\/wp\/v2\/media?parent=1197"}],"curies":[{"name":"wp","href":"https:\/\/api.w.org\/{rel}","templated":true}]}}